{"id":1311,"date":"2025-10-13T08:04:53","date_gmt":"2025-10-13T08:04:53","guid":{"rendered":"https:\/\/centromedico.innovstar.pt\/?page_id=1311"},"modified":"2025-10-13T08:19:35","modified_gmt":"2025-10-13T08:19:35","slug":"patologia-oral","status":"publish","type":"page","link":"https:\/\/centromedico.pt\/index.php\/patologia-oral\/","title":{"rendered":"Patologia Oral"},"content":{"rendered":"\t\t<div data-elementor-type=\"wp-page\" data-elementor-id=\"1311\" class=\"elementor elementor-1311\">\n\t\t\t\t\t\t<section class=\"elementor-section elementor-top-section elementor-element elementor-element-c29a3c5 elementor-section-boxed elementor-section-height-default elementor-section-height-default wpr-particle-no wpr-jarallax-no wpr-parallax-no wpr-sticky-section-no\" data-id=\"c29a3c5\" data-element_type=\"section\" data-settings=\"{&quot;background_background&quot;:&quot;classic&quot;}\">\n\t\t\t\t\t\t\t<div class=\"elementor-background-overlay\"><\/div>\n\t\t\t\t\t\t\t<div class=\"elementor-container elementor-column-gap-default\">\n\t\t\t\t\t<div class=\"elementor-column elementor-col-100 elementor-top-column elementor-element elementor-element-c7f4bb6\" data-id=\"c7f4bb6\" data-element_type=\"column\">\n\t\t\t<div class=\"elementor-widget-wrap elementor-element-populated\">\n\t\t\t\t\t\t<div class=\"elementor-element elementor-element-b1faa16 elementor-widget elementor-widget-heading\" data-id=\"b1faa16\" data-element_type=\"widget\" data-widget_type=\"heading.default\">\n\t\t\t\t\t<h2 class=\"elementor-heading-title elementor-size-default\">Tratamentos<\/h2>\t\t\t\t<\/div>\n\t\t\t\t\t<\/div>\n\t\t<\/div>\n\t\t\t\t\t<\/div>\n\t\t<\/section>\n\t\t<div class=\"elementor-element elementor-element-8068f6e e-flex e-con-boxed wpr-particle-no wpr-jarallax-no wpr-parallax-no wpr-sticky-section-no e-con e-parent\" data-id=\"8068f6e\" data-element_type=\"container\">\n\t\t\t\t\t<div class=\"e-con-inner\">\n\t\t\t\t<div class=\"elementor-element elementor-element-e9d258b elementor-widget elementor-widget-spacer\" data-id=\"e9d258b\" data-element_type=\"widget\" data-widget_type=\"spacer.default\">\n\t\t\t\t\t\t\t<div class=\"elementor-spacer\">\n\t\t\t<div class=\"elementor-spacer-inner\"><\/div>\n\t\t<\/div>\n\t\t\t\t\t\t<\/div>\n\t\t\t\t\t<\/div>\n\t\t\t\t<\/div>\n\t\t<div class=\"elementor-element elementor-element-38445ea e-flex e-con-boxed wpr-particle-no wpr-jarallax-no wpr-parallax-no wpr-sticky-section-no e-con e-parent\" data-id=\"38445ea\" data-element_type=\"container\">\n\t\t\t\t\t<div class=\"e-con-inner\">\n\t\t<div class=\"elementor-element elementor-element-f1e68e9 e-con-full e-flex wpr-particle-no wpr-jarallax-no wpr-parallax-no wpr-sticky-section-no e-con e-child\" data-id=\"f1e68e9\" data-element_type=\"container\">\n\t\t\t\t<div class=\"elementor-element elementor-element-44ccbad elementor-widget elementor-widget-heading\" data-id=\"44ccbad\" data-element_type=\"widget\" data-widget_type=\"heading.default\">\n\t\t\t\t\t<h2 class=\"elementor-heading-title elementor-size-default\">Patologia Oral<\/h2>\t\t\t\t<\/div>\n\t\t\t\t<div class=\"elementor-element elementor-element-34aa3f6 elementor-widget elementor-widget-text-editor\" data-id=\"34aa3f6\" data-element_type=\"widget\" data-widget_type=\"text-editor.default\">\n\t\t\t\t\t\t\t\t\t<p data-start=\"4372\" data-end=\"4422\"><strong data-start=\"4372\" data-end=\"4422\">Diagn\u00f3stico precoce para um tratamento eficaz.<\/strong><\/p><p data-start=\"4424\" data-end=\"4599\">A patologia oral \u00e9 a \u00e1rea respons\u00e1vel pelo <strong data-start=\"4467\" data-end=\"4545\">estudo, diagn\u00f3stico e tratamento das doen\u00e7as que afetam os tecidos da boca<\/strong>, como mucosa, gengivas, l\u00edngua e gl\u00e2ndulas salivares.<\/p><p data-start=\"4601\" data-end=\"4800\">\u00c9 fundamental para <strong data-start=\"4620\" data-end=\"4672\">detetar precocemente les\u00f5es benignas ou malignas<\/strong>, garantindo um acompanhamento r\u00e1pido e eficaz.<br data-start=\"4719\" data-end=\"4722\" \/>O diagn\u00f3stico pode incluir exames cl\u00ednicos, bi\u00f3psias e an\u00e1lises laboratoriais.<\/p><p data-start=\"4802\" data-end=\"4827\"><strong data-start=\"4802\" data-end=\"4825\">Sintomas de alerta:<\/strong><\/p><ul data-start=\"4828\" data-end=\"4952\"><li data-start=\"4828\" data-end=\"4858\"><p data-start=\"4830\" data-end=\"4858\">Feridas que n\u00e3o cicatrizam<\/p><\/li><li data-start=\"4859\" data-end=\"4904\"><p data-start=\"4861\" data-end=\"4904\">Manchas brancas ou vermelhas persistentes<\/p><\/li><li data-start=\"4905\" data-end=\"4952\"><p data-start=\"4907\" data-end=\"4952\">Dores, incha\u00e7os ou sangramento inexplic\u00e1vel<\/p><\/li><\/ul><p data-start=\"4954\" data-end=\"5070\"><strong data-start=\"4954\" data-end=\"4969\">Benef\u00edcios:<\/strong><br data-start=\"4969\" data-end=\"4972\" \/>\u2705 Diagn\u00f3stico preciso<br data-start=\"4993\" data-end=\"4996\" \/>\u2705 Preven\u00e7\u00e3o de complica\u00e7\u00f5es graves<br data-start=\"5030\" data-end=\"5033\" \/>\u2705 Tratamento personalizado e seguro<\/p>\t\t\t\t\t\t\t\t<\/div>\n\t\t\t\t<\/div>\n\t\t<div class=\"elementor-element elementor-element-c318b52 e-con-full e-flex wpr-particle-no wpr-jarallax-no wpr-parallax-no wpr-sticky-section-no e-con e-child\" data-id=\"c318b52\" data-element_type=\"container\">\n\t\t\t\t<div class=\"elementor-element elementor-element-dc8a634 elementor-widget elementor-widget-image\" data-id=\"dc8a634\" data-element_type=\"widget\" data-widget_type=\"image.default\">\n\t\t\t\t\t\t\t\t\t\t\t\t\t\t\t<img fetchpriority=\"high\" decoding=\"async\" width=\"512\" height=\"512\" src=\"https:\/\/centromedico.pt\/wp-content\/uploads\/2025\/10\/LOGOS-5.png\" class=\"attachment-large size-large wp-image-1209\" alt=\"\" srcset=\"https:\/\/centromedico.pt\/wp-content\/uploads\/2025\/10\/LOGOS-5.png 512w, https:\/\/centromedico.pt\/wp-content\/uploads\/2025\/10\/LOGOS-5-300x300.png 300w, https:\/\/centromedico.pt\/wp-content\/uploads\/2025\/10\/LOGOS-5-150x150.png 150w\" sizes=\"(max-width: 512px) 100vw, 512px\" \/>\t\t\t\t\t\t\t\t\t\t\t\t\t\t\t<\/div>\n\t\t\t\t<\/div>\n\t\t\t\t\t<\/div>\n\t\t\t\t<\/div>\n\t\t<div class=\"elementor-element elementor-element-c00b7f0 e-flex e-con-boxed wpr-particle-no wpr-jarallax-no wpr-parallax-no wpr-sticky-section-no e-con e-parent\" data-id=\"c00b7f0\" data-element_type=\"container\">\n\t\t\t\t\t<div class=\"e-con-inner\">\n\t\t\t\t<div class=\"elementor-element elementor-element-b6b0cc4 elementor-widget elementor-widget-spacer\" data-id=\"b6b0cc4\" data-element_type=\"widget\" data-widget_type=\"spacer.default\">\n\t\t\t\t\t\t\t<div class=\"elementor-spacer\">\n\t\t\t<div class=\"elementor-spacer-inner\"><\/div>\n\t\t<\/div>\n\t\t\t\t\t\t<\/div>\n\t\t\t\t\t<\/div>\n\t\t\t\t<\/div>\n\t\t\t\t<\/div>\n\t\t","protected":false},"excerpt":{"rendered":"<p>Tratamentos Patologia Oral Diagn\u00f3stico precoce para um tratamento eficaz. A patologia oral \u00e9 a \u00e1rea respons\u00e1vel pelo estudo, diagn\u00f3stico e tratamento das doen\u00e7as que afetam os tecidos da boca, como mucosa, gengivas, l\u00edngua e gl\u00e2ndulas salivares. \u00c9 fundamental para detetar precocemente les\u00f5es benignas ou malignas, garantindo um acompanhamento r\u00e1pido e eficaz.O diagn\u00f3stico pode incluir exames cl\u00ednicos, bi\u00f3psias e an\u00e1lises laboratoriais. Sintomas de alerta: Feridas que n\u00e3o cicatrizam Manchas brancas ou vermelhas persistentes Dores, incha\u00e7os ou sangramento inexplic\u00e1vel Benef\u00edcios:\u2705 Diagn\u00f3stico preciso\u2705 Preven\u00e7\u00e3o de complica\u00e7\u00f5es graves\u2705 Tratamento personalizado e seguro<\/p>\n","protected":false},"author":1,"featured_media":0,"parent":0,"menu_order":0,"comment_status":"closed","ping_status":"closed","template":"elementor_canvas","meta":{"om_disable_all_campaigns":false,"_monsterinsights_skip_tracking":false,"_monsterinsights_sitenote_active":false,"_monsterinsights_sitenote_note":"","_monsterinsights_sitenote_category":0,"footnotes":""},"class_list":["post-1311","page","type-page","status-publish","hentry"],"aioseo_notices":[],"yoast_head":"<!-- This site is optimized with the Yoast SEO plugin v26.2 - https:\/\/yoast.com\/wordpress\/plugins\/seo\/ -->\n<title>Patologia Oral - Centro M\u00e9dico Dent\u00e1rio de Gaia<\/title>\n<meta name=\"robots\" content=\"index, follow, max-snippet:-1, max-image-preview:large, max-video-preview:-1\" \/>\n<link rel=\"canonical\" href=\"https:\/\/centromedico.pt\/index.php\/patologia-oral\/\" \/>\n<meta property=\"og:locale\" content=\"pt_PT\" \/>\n<meta property=\"og:type\" content=\"article\" \/>\n<meta property=\"og:title\" content=\"Patologia Oral - Centro M\u00e9dico Dent\u00e1rio de Gaia\" \/>\n<meta property=\"og:description\" content=\"Tratamentos Patologia Oral Diagn\u00f3stico precoce para um tratamento eficaz. A patologia oral \u00e9 a \u00e1rea respons\u00e1vel pelo estudo, diagn\u00f3stico e tratamento das doen\u00e7as que afetam os tecidos da boca, como mucosa, gengivas, l\u00edngua e gl\u00e2ndulas salivares. \u00c9 fundamental para detetar precocemente les\u00f5es benignas ou malignas, garantindo um acompanhamento r\u00e1pido e eficaz.O diagn\u00f3stico pode incluir exames cl\u00ednicos, bi\u00f3psias e an\u00e1lises laboratoriais. Sintomas de alerta: Feridas que n\u00e3o cicatrizam Manchas brancas ou vermelhas persistentes Dores, incha\u00e7os ou sangramento inexplic\u00e1vel Benef\u00edcios:\u2705 Diagn\u00f3stico preciso\u2705 Preven\u00e7\u00e3o de complica\u00e7\u00f5es graves\u2705 Tratamento personalizado e seguro\" \/>\n<meta property=\"og:url\" content=\"https:\/\/centromedico.pt\/index.php\/patologia-oral\/\" \/>\n<meta property=\"og:site_name\" content=\"Centro M\u00e9dico Dent\u00e1rio de Gaia\" \/>\n<meta property=\"article:modified_time\" content=\"2025-10-13T08:19:35+00:00\" \/>\n<meta property=\"og:image\" content=\"https:\/\/centromedico.pt\/wp-content\/uploads\/2025\/10\/LOGOS-5.png\" \/>\n<meta name=\"twitter:card\" content=\"summary_large_image\" \/>\n<meta name=\"twitter:label1\" content=\"Tempo estimado de leitura\" \/>\n\t<meta name=\"twitter:data1\" content=\"1 minuto\" \/>\n<script type=\"application\/ld+json\" class=\"yoast-schema-graph\">{\"@context\":\"https:\/\/schema.org\",\"@graph\":[{\"@type\":\"WebPage\",\"@id\":\"https:\/\/centromedico.pt\/index.php\/patologia-oral\/\",\"url\":\"https:\/\/centromedico.pt\/index.php\/patologia-oral\/\",\"name\":\"Patologia Oral - Centro M\u00e9dico Dent\u00e1rio de Gaia\",\"isPartOf\":{\"@id\":\"https:\/\/centromedico.pt\/#website\"},\"primaryImageOfPage\":{\"@id\":\"https:\/\/centromedico.pt\/index.php\/patologia-oral\/#primaryimage\"},\"image\":{\"@id\":\"https:\/\/centromedico.pt\/index.php\/patologia-oral\/#primaryimage\"},\"thumbnailUrl\":\"https:\/\/centromedico.pt\/wp-content\/uploads\/2025\/10\/LOGOS-5.png\",\"datePublished\":\"2025-10-13T08:04:53+00:00\",\"dateModified\":\"2025-10-13T08:19:35+00:00\",\"breadcrumb\":{\"@id\":\"https:\/\/centromedico.pt\/index.php\/patologia-oral\/#breadcrumb\"},\"inLanguage\":\"pt-PT\",\"potentialAction\":[{\"@type\":\"ReadAction\",\"target\":[\"https:\/\/centromedico.pt\/index.php\/patologia-oral\/\"]}]},{\"@type\":\"ImageObject\",\"inLanguage\":\"pt-PT\",\"@id\":\"https:\/\/centromedico.pt\/index.php\/patologia-oral\/#primaryimage\",\"url\":\"https:\/\/centromedico.pt\/wp-content\/uploads\/2025\/10\/LOGOS-5.png\",\"contentUrl\":\"https:\/\/centromedico.pt\/wp-content\/uploads\/2025\/10\/LOGOS-5.png\",\"width\":512,\"height\":512},{\"@type\":\"BreadcrumbList\",\"@id\":\"https:\/\/centromedico.pt\/index.php\/patologia-oral\/#breadcrumb\",\"itemListElement\":[{\"@type\":\"ListItem\",\"position\":1,\"name\":\"In\u00edcio\",\"item\":\"https:\/\/centromedico.pt\/\"},{\"@type\":\"ListItem\",\"position\":2,\"name\":\"Patologia Oral\"}]},{\"@type\":\"WebSite\",\"@id\":\"https:\/\/centromedico.pt\/#website\",\"url\":\"https:\/\/centromedico.pt\/\",\"name\":\"Centro M\u00e9dico Dent\u00e1rio de Gaia\",\"description\":\"Dentista em V. N. de Gaia\",\"publisher\":{\"@id\":\"https:\/\/centromedico.pt\/#organization\"},\"potentialAction\":[{\"@type\":\"SearchAction\",\"target\":{\"@type\":\"EntryPoint\",\"urlTemplate\":\"https:\/\/centromedico.pt\/?s={search_term_string}\"},\"query-input\":{\"@type\":\"PropertyValueSpecification\",\"valueRequired\":true,\"valueName\":\"search_term_string\"}}],\"inLanguage\":\"pt-PT\"},{\"@type\":\"Organization\",\"@id\":\"https:\/\/centromedico.pt\/#organization\",\"name\":\"Centro M\u00e9dico Dent\u00e1rio de Gaia\",\"url\":\"https:\/\/centromedico.pt\/\",\"logo\":{\"@type\":\"ImageObject\",\"inLanguage\":\"pt-PT\",\"@id\":\"https:\/\/centromedico.pt\/#\/schema\/logo\/image\/\",\"url\":\"https:\/\/centromedico.pt\/wp-content\/uploads\/2023\/12\/logo-1-scaled.png\",\"contentUrl\":\"https:\/\/centromedico.pt\/wp-content\/uploads\/2023\/12\/logo-1-scaled.png\",\"width\":2560,\"height\":986,\"caption\":\"Centro M\u00e9dico Dent\u00e1rio de Gaia\"},\"image\":{\"@id\":\"https:\/\/centromedico.pt\/#\/schema\/logo\/image\/\"}}]}<\/script>\n<!-- \/ Yoast SEO plugin. -->","yoast_head_json":{"title":"Patologia Oral - Centro M\u00e9dico Dent\u00e1rio de Gaia","robots":{"index":"index","follow":"follow","max-snippet":"max-snippet:-1","max-image-preview":"max-image-preview:large","max-video-preview":"max-video-preview:-1"},"canonical":"https:\/\/centromedico.pt\/index.php\/patologia-oral\/","og_locale":"pt_PT","og_type":"article","og_title":"Patologia Oral - Centro M\u00e9dico Dent\u00e1rio de Gaia","og_description":"Tratamentos Patologia Oral Diagn\u00f3stico precoce para um tratamento eficaz. A patologia oral \u00e9 a \u00e1rea respons\u00e1vel pelo estudo, diagn\u00f3stico e tratamento das doen\u00e7as que afetam os tecidos da boca, como mucosa, gengivas, l\u00edngua e gl\u00e2ndulas salivares. \u00c9 fundamental para detetar precocemente les\u00f5es benignas ou malignas, garantindo um acompanhamento r\u00e1pido e eficaz.O diagn\u00f3stico pode incluir exames cl\u00ednicos, bi\u00f3psias e an\u00e1lises laboratoriais. Sintomas de alerta: Feridas que n\u00e3o cicatrizam Manchas brancas ou vermelhas persistentes Dores, incha\u00e7os ou sangramento inexplic\u00e1vel Benef\u00edcios:\u2705 Diagn\u00f3stico preciso\u2705 Preven\u00e7\u00e3o de complica\u00e7\u00f5es graves\u2705 Tratamento personalizado e seguro","og_url":"https:\/\/centromedico.pt\/index.php\/patologia-oral\/","og_site_name":"Centro M\u00e9dico Dent\u00e1rio de Gaia","article_modified_time":"2025-10-13T08:19:35+00:00","og_image":[{"url":"https:\/\/centromedico.pt\/wp-content\/uploads\/2025\/10\/LOGOS-5.png","type":"","width":"","height":""}],"twitter_card":"summary_large_image","twitter_misc":{"Tempo estimado de leitura":"1 minuto"},"schema":{"@context":"https:\/\/schema.org","@graph":[{"@type":"WebPage","@id":"https:\/\/centromedico.pt\/index.php\/patologia-oral\/","url":"https:\/\/centromedico.pt\/index.php\/patologia-oral\/","name":"Patologia Oral - Centro M\u00e9dico Dent\u00e1rio de Gaia","isPartOf":{"@id":"https:\/\/centromedico.pt\/#website"},"primaryImageOfPage":{"@id":"https:\/\/centromedico.pt\/index.php\/patologia-oral\/#primaryimage"},"image":{"@id":"https:\/\/centromedico.pt\/index.php\/patologia-oral\/#primaryimage"},"thumbnailUrl":"https:\/\/centromedico.pt\/wp-content\/uploads\/2025\/10\/LOGOS-5.png","datePublished":"2025-10-13T08:04:53+00:00","dateModified":"2025-10-13T08:19:35+00:00","breadcrumb":{"@id":"https:\/\/centromedico.pt\/index.php\/patologia-oral\/#breadcrumb"},"inLanguage":"pt-PT","potentialAction":[{"@type":"ReadAction","target":["https:\/\/centromedico.pt\/index.php\/patologia-oral\/"]}]},{"@type":"ImageObject","inLanguage":"pt-PT","@id":"https:\/\/centromedico.pt\/index.php\/patologia-oral\/#primaryimage","url":"https:\/\/centromedico.pt\/wp-content\/uploads\/2025\/10\/LOGOS-5.png","contentUrl":"https:\/\/centromedico.pt\/wp-content\/uploads\/2025\/10\/LOGOS-5.png","width":512,"height":512},{"@type":"BreadcrumbList","@id":"https:\/\/centromedico.pt\/index.php\/patologia-oral\/#breadcrumb","itemListElement":[{"@type":"ListItem","position":1,"name":"In\u00edcio","item":"https:\/\/centromedico.pt\/"},{"@type":"ListItem","position":2,"name":"Patologia Oral"}]},{"@type":"WebSite","@id":"https:\/\/centromedico.pt\/#website","url":"https:\/\/centromedico.pt\/","name":"Centro M\u00e9dico Dent\u00e1rio de Gaia","description":"Dentista em V. N. de Gaia","publisher":{"@id":"https:\/\/centromedico.pt\/#organization"},"potentialAction":[{"@type":"SearchAction","target":{"@type":"EntryPoint","urlTemplate":"https:\/\/centromedico.pt\/?s={search_term_string}"},"query-input":{"@type":"PropertyValueSpecification","valueRequired":true,"valueName":"search_term_string"}}],"inLanguage":"pt-PT"},{"@type":"Organization","@id":"https:\/\/centromedico.pt\/#organization","name":"Centro M\u00e9dico Dent\u00e1rio de Gaia","url":"https:\/\/centromedico.pt\/","logo":{"@type":"ImageObject","inLanguage":"pt-PT","@id":"https:\/\/centromedico.pt\/#\/schema\/logo\/image\/","url":"https:\/\/centromedico.pt\/wp-content\/uploads\/2023\/12\/logo-1-scaled.png","contentUrl":"https:\/\/centromedico.pt\/wp-content\/uploads\/2023\/12\/logo-1-scaled.png","width":2560,"height":986,"caption":"Centro M\u00e9dico Dent\u00e1rio de Gaia"},"image":{"@id":"https:\/\/centromedico.pt\/#\/schema\/logo\/image\/"}}]}},"_links":{"self":[{"href":"https:\/\/centromedico.pt\/index.php\/wp-json\/wp\/v2\/pages\/1311","targetHints":{"allow":["GET"]}}],"collection":[{"href":"https:\/\/centromedico.pt\/index.php\/wp-json\/wp\/v2\/pages"}],"about":[{"href":"https:\/\/centromedico.pt\/index.php\/wp-json\/wp\/v2\/types\/page"}],"author":[{"embeddable":true,"href":"https:\/\/centromedico.pt\/index.php\/wp-json\/wp\/v2\/users\/1"}],"replies":[{"embeddable":true,"href":"https:\/\/centromedico.pt\/index.php\/wp-json\/wp\/v2\/comments?post=1311"}],"version-history":[{"count":10,"href":"https:\/\/centromedico.pt\/index.php\/wp-json\/wp\/v2\/pages\/1311\/revisions"}],"predecessor-version":[{"id":1367,"href":"https:\/\/centromedico.pt\/index.php\/wp-json\/wp\/v2\/pages\/1311\/revisions\/1367"}],"wp:attachment":[{"href":"https:\/\/centromedico.pt\/index.php\/wp-json\/wp\/v2\/media?parent=1311"}],"curies":[{"name":"wp","href":"https:\/\/api.w.org\/{rel}","templated":true}]}}