{"id":1295,"date":"2025-10-13T08:02:32","date_gmt":"2025-10-13T08:02:32","guid":{"rendered":"https:\/\/centromedico.innovstar.pt\/?page_id=1295"},"modified":"2025-10-22T10:16:31","modified_gmt":"2025-10-22T10:16:31","slug":"facetas","status":"publish","type":"page","link":"https:\/\/centromedico.pt\/index.php\/facetas\/","title":{"rendered":"Facetas"},"content":{"rendered":"\t\t<div data-elementor-type=\"wp-page\" data-elementor-id=\"1295\" class=\"elementor elementor-1295\">\n\t\t\t\t\t\t<section class=\"elementor-section elementor-top-section elementor-element elementor-element-c29a3c5 elementor-section-boxed elementor-section-height-default elementor-section-height-default wpr-particle-no wpr-jarallax-no wpr-parallax-no wpr-sticky-section-no\" data-id=\"c29a3c5\" data-element_type=\"section\" data-settings=\"{&quot;background_background&quot;:&quot;classic&quot;}\">\n\t\t\t\t\t\t\t<div class=\"elementor-background-overlay\"><\/div>\n\t\t\t\t\t\t\t<div class=\"elementor-container elementor-column-gap-default\">\n\t\t\t\t\t<div class=\"elementor-column elementor-col-100 elementor-top-column elementor-element elementor-element-c7f4bb6\" data-id=\"c7f4bb6\" data-element_type=\"column\">\n\t\t\t<div class=\"elementor-widget-wrap elementor-element-populated\">\n\t\t\t\t\t\t<div class=\"elementor-element elementor-element-b1faa16 elementor-widget elementor-widget-heading\" data-id=\"b1faa16\" data-element_type=\"widget\" data-widget_type=\"heading.default\">\n\t\t\t\t\t<h2 class=\"elementor-heading-title elementor-size-default\">Tratamentos<\/h2>\t\t\t\t<\/div>\n\t\t\t\t\t<\/div>\n\t\t<\/div>\n\t\t\t\t\t<\/div>\n\t\t<\/section>\n\t\t<div class=\"elementor-element elementor-element-8068f6e e-flex e-con-boxed wpr-particle-no wpr-jarallax-no wpr-parallax-no wpr-sticky-section-no e-con e-parent\" data-id=\"8068f6e\" data-element_type=\"container\">\n\t\t\t\t\t<div class=\"e-con-inner\">\n\t\t\t\t<div class=\"elementor-element elementor-element-e9d258b elementor-widget elementor-widget-spacer\" data-id=\"e9d258b\" data-element_type=\"widget\" data-widget_type=\"spacer.default\">\n\t\t\t\t\t\t\t<div class=\"elementor-spacer\">\n\t\t\t<div class=\"elementor-spacer-inner\"><\/div>\n\t\t<\/div>\n\t\t\t\t\t\t<\/div>\n\t\t\t\t\t<\/div>\n\t\t\t\t<\/div>\n\t\t<div class=\"elementor-element elementor-element-38445ea e-flex e-con-boxed wpr-particle-no wpr-jarallax-no wpr-parallax-no wpr-sticky-section-no e-con e-parent\" data-id=\"38445ea\" data-element_type=\"container\">\n\t\t\t\t\t<div class=\"e-con-inner\">\n\t\t<div class=\"elementor-element elementor-element-f1e68e9 e-con-full e-flex wpr-particle-no wpr-jarallax-no wpr-parallax-no wpr-sticky-section-no e-con e-child\" data-id=\"f1e68e9\" data-element_type=\"container\">\n\t\t\t\t<div class=\"elementor-element elementor-element-44ccbad elementor-widget elementor-widget-heading\" data-id=\"44ccbad\" data-element_type=\"widget\" data-widget_type=\"heading.default\">\n\t\t\t\t\t<h2 class=\"elementor-heading-title elementor-size-default\">Facetas<\/h2>\t\t\t\t<\/div>\n\t\t\t\t<div class=\"elementor-element elementor-element-34aa3f6 elementor-widget elementor-widget-text-editor\" data-id=\"34aa3f6\" data-element_type=\"widget\" data-widget_type=\"text-editor.default\">\n\t\t\t\t\t\t\t\t\t<p data-start=\"5883\" data-end=\"5926\"><strong data-start=\"5883\" data-end=\"5926\">O sorriso perfeito est\u00e1 ao seu alcance.<\/strong><\/p><p data-start=\"5928\" data-end=\"6216\">As facetas dent\u00e1rias s\u00e3o <strong data-start=\"5953\" data-end=\"5992\">l\u00e2minas finas de cer\u00e2mica ou resina<\/strong> aplicadas sobre a superf\u00edcie dos dentes anteriores para <strong data-start=\"6049\" data-end=\"6086\">melhorar cor, forma e alinhamento<\/strong>.<br data-start=\"6087\" data-end=\"6090\" \/>S\u00e3o ideais para quem deseja um <strong data-start=\"6121\" data-end=\"6176\">sorriso harmonioso, branco e esteticamente perfeito<\/strong> sem recorrer a procedimentos invasivos.<\/p><p data-start=\"6218\" data-end=\"6387\">No Centro M\u00e9dico Dent\u00e1rio de Gaia, planeamos cada caso com <strong data-start=\"6277\" data-end=\"6321\">simula\u00e7\u00e3o digital (Digital Smile Design)<\/strong>, permitindo visualizar o resultado antes do in\u00edcio do tratamento.<\/p><p data-start=\"6389\" data-end=\"6410\"><strong data-start=\"6389\" data-end=\"6408\">Indicadas para:<\/strong><\/p><ul data-start=\"6411\" data-end=\"6543\"><li data-start=\"6411\" data-end=\"6460\"><p data-start=\"6413\" data-end=\"6460\">Dentes manchados, desgastados ou desalinhados<\/p><\/li><li data-start=\"6461\" data-end=\"6495\"><p data-start=\"6463\" data-end=\"6495\">Pequenas fraturas ou desn\u00edveis<\/p><\/li><li data-start=\"6496\" data-end=\"6543\"><p data-start=\"6498\" data-end=\"6543\">Desejo de transforma\u00e7\u00e3o est\u00e9tica do sorriso<\/p><\/li><\/ul><p data-start=\"6545\" data-end=\"6664\"><strong data-start=\"6545\" data-end=\"6560\">Benef\u00edcios:<\/strong><br data-start=\"6560\" data-end=\"6563\" \/>\u2705 Resultado imediato e natural<br data-start=\"6593\" data-end=\"6596\" \/>\u2705 Procedimento minimamente invasivo<br data-start=\"6631\" data-end=\"6634\" \/>\u2705 Resist\u00eancia e durabilidade<\/p>\t\t\t\t\t\t\t\t<\/div>\n\t\t\t\t<\/div>\n\t\t<div class=\"elementor-element elementor-element-c318b52 e-con-full e-flex wpr-particle-no wpr-jarallax-no wpr-parallax-no wpr-sticky-section-no e-con e-child\" data-id=\"c318b52\" data-element_type=\"container\">\n\t\t\t\t<div class=\"elementor-element elementor-element-dc8a634 elementor-widget elementor-widget-image\" data-id=\"dc8a634\" data-element_type=\"widget\" data-widget_type=\"image.default\">\n\t\t\t\t\t\t\t\t\t\t\t\t\t\t\t<img fetchpriority=\"high\" decoding=\"async\" width=\"512\" height=\"512\" src=\"https:\/\/centromedico.pt\/wp-content\/uploads\/2025\/10\/LOGOS-8.png\" class=\"attachment-large size-large wp-image-1415\" alt=\"\" srcset=\"https:\/\/centromedico.pt\/wp-content\/uploads\/2025\/10\/LOGOS-8.png 512w, https:\/\/centromedico.pt\/wp-content\/uploads\/2025\/10\/LOGOS-8-300x300.png 300w, https:\/\/centromedico.pt\/wp-content\/uploads\/2025\/10\/LOGOS-8-150x150.png 150w\" sizes=\"(max-width: 512px) 100vw, 512px\" \/>\t\t\t\t\t\t\t\t\t\t\t\t\t\t\t<\/div>\n\t\t\t\t<\/div>\n\t\t\t\t\t<\/div>\n\t\t\t\t<\/div>\n\t\t<div class=\"elementor-element elementor-element-b6fc939 e-flex e-con-boxed wpr-particle-no wpr-jarallax-no wpr-parallax-no wpr-sticky-section-no e-con e-parent\" data-id=\"b6fc939\" data-element_type=\"container\">\n\t\t\t\t\t<div class=\"e-con-inner\">\n\t\t\t\t<div class=\"elementor-element elementor-element-4f43834 elementor-widget elementor-widget-spacer\" data-id=\"4f43834\" data-element_type=\"widget\" data-widget_type=\"spacer.default\">\n\t\t\t\t\t\t\t<div class=\"elementor-spacer\">\n\t\t\t<div class=\"elementor-spacer-inner\"><\/div>\n\t\t<\/div>\n\t\t\t\t\t\t<\/div>\n\t\t\t\t\t<\/div>\n\t\t\t\t<\/div>\n\t\t\t\t<\/div>\n\t\t","protected":false},"excerpt":{"rendered":"<p>Tratamentos Facetas O sorriso perfeito est\u00e1 ao seu alcance. As facetas dent\u00e1rias s\u00e3o l\u00e2minas finas de cer\u00e2mica ou resina aplicadas sobre a superf\u00edcie dos dentes anteriores para melhorar cor, forma e alinhamento.S\u00e3o ideais para quem deseja um sorriso harmonioso, branco e esteticamente perfeito sem recorrer a procedimentos invasivos. No Centro M\u00e9dico Dent\u00e1rio de Gaia, planeamos cada caso com simula\u00e7\u00e3o digital (Digital Smile Design), permitindo visualizar o resultado antes do in\u00edcio do tratamento. Indicadas para: Dentes manchados, desgastados ou desalinhados Pequenas fraturas ou desn\u00edveis Desejo de transforma\u00e7\u00e3o est\u00e9tica do sorriso Benef\u00edcios:\u2705 Resultado imediato e natural\u2705 Procedimento minimamente invasivo\u2705 Resist\u00eancia e durabilidade<\/p>\n","protected":false},"author":1,"featured_media":0,"parent":0,"menu_order":0,"comment_status":"closed","ping_status":"closed","template":"elementor_canvas","meta":{"om_disable_all_campaigns":false,"_monsterinsights_skip_tracking":false,"_monsterinsights_sitenote_active":false,"_monsterinsights_sitenote_note":"","_monsterinsights_sitenote_category":0,"footnotes":""},"class_list":["post-1295","page","type-page","status-publish","hentry"],"aioseo_notices":[],"yoast_head":"<!-- This site is optimized with the Yoast SEO plugin v26.2 - https:\/\/yoast.com\/wordpress\/plugins\/seo\/ -->\n<title>Facetas - Centro M\u00e9dico Dent\u00e1rio de Gaia<\/title>\n<meta name=\"robots\" content=\"index, follow, max-snippet:-1, max-image-preview:large, max-video-preview:-1\" \/>\n<link rel=\"canonical\" href=\"https:\/\/centromedico.pt\/index.php\/facetas\/\" \/>\n<meta property=\"og:locale\" content=\"pt_PT\" \/>\n<meta property=\"og:type\" content=\"article\" \/>\n<meta property=\"og:title\" content=\"Facetas - Centro M\u00e9dico Dent\u00e1rio de Gaia\" \/>\n<meta property=\"og:description\" content=\"Tratamentos Facetas O sorriso perfeito est\u00e1 ao seu alcance. As facetas dent\u00e1rias s\u00e3o l\u00e2minas finas de cer\u00e2mica ou resina aplicadas sobre a superf\u00edcie dos dentes anteriores para melhorar cor, forma e alinhamento.S\u00e3o ideais para quem deseja um sorriso harmonioso, branco e esteticamente perfeito sem recorrer a procedimentos invasivos. No Centro M\u00e9dico Dent\u00e1rio de Gaia, planeamos cada caso com simula\u00e7\u00e3o digital (Digital Smile Design), permitindo visualizar o resultado antes do in\u00edcio do tratamento. Indicadas para: Dentes manchados, desgastados ou desalinhados Pequenas fraturas ou desn\u00edveis Desejo de transforma\u00e7\u00e3o est\u00e9tica do sorriso Benef\u00edcios:\u2705 Resultado imediato e natural\u2705 Procedimento minimamente invasivo\u2705 Resist\u00eancia e durabilidade\" \/>\n<meta property=\"og:url\" content=\"https:\/\/centromedico.pt\/index.php\/facetas\/\" \/>\n<meta property=\"og:site_name\" content=\"Centro M\u00e9dico Dent\u00e1rio de Gaia\" \/>\n<meta property=\"article:modified_time\" content=\"2025-10-22T10:16:31+00:00\" \/>\n<meta property=\"og:image\" content=\"https:\/\/centromedico.pt\/wp-content\/uploads\/2025\/10\/LOGOS-8.png\" \/>\n<meta name=\"twitter:card\" content=\"summary_large_image\" \/>\n<meta name=\"twitter:label1\" content=\"Tempo estimado de leitura\" \/>\n\t<meta name=\"twitter:data1\" content=\"1 minuto\" \/>\n<script type=\"application\/ld+json\" class=\"yoast-schema-graph\">{\"@context\":\"https:\/\/schema.org\",\"@graph\":[{\"@type\":\"WebPage\",\"@id\":\"https:\/\/centromedico.pt\/index.php\/facetas\/\",\"url\":\"https:\/\/centromedico.pt\/index.php\/facetas\/\",\"name\":\"Facetas - Centro M\u00e9dico Dent\u00e1rio de Gaia\",\"isPartOf\":{\"@id\":\"https:\/\/centromedico.pt\/#website\"},\"primaryImageOfPage\":{\"@id\":\"https:\/\/centromedico.pt\/index.php\/facetas\/#primaryimage\"},\"image\":{\"@id\":\"https:\/\/centromedico.pt\/index.php\/facetas\/#primaryimage\"},\"thumbnailUrl\":\"https:\/\/centromedico.pt\/wp-content\/uploads\/2025\/10\/LOGOS-8.png\",\"datePublished\":\"2025-10-13T08:02:32+00:00\",\"dateModified\":\"2025-10-22T10:16:31+00:00\",\"breadcrumb\":{\"@id\":\"https:\/\/centromedico.pt\/index.php\/facetas\/#breadcrumb\"},\"inLanguage\":\"pt-PT\",\"potentialAction\":[{\"@type\":\"ReadAction\",\"target\":[\"https:\/\/centromedico.pt\/index.php\/facetas\/\"]}]},{\"@type\":\"ImageObject\",\"inLanguage\":\"pt-PT\",\"@id\":\"https:\/\/centromedico.pt\/index.php\/facetas\/#primaryimage\",\"url\":\"https:\/\/centromedico.pt\/wp-content\/uploads\/2025\/10\/LOGOS-8.png\",\"contentUrl\":\"https:\/\/centromedico.pt\/wp-content\/uploads\/2025\/10\/LOGOS-8.png\",\"width\":512,\"height\":512},{\"@type\":\"BreadcrumbList\",\"@id\":\"https:\/\/centromedico.pt\/index.php\/facetas\/#breadcrumb\",\"itemListElement\":[{\"@type\":\"ListItem\",\"position\":1,\"name\":\"In\u00edcio\",\"item\":\"https:\/\/centromedico.pt\/\"},{\"@type\":\"ListItem\",\"position\":2,\"name\":\"Facetas\"}]},{\"@type\":\"WebSite\",\"@id\":\"https:\/\/centromedico.pt\/#website\",\"url\":\"https:\/\/centromedico.pt\/\",\"name\":\"Centro M\u00e9dico Dent\u00e1rio de Gaia\",\"description\":\"Dentista em V. N. de Gaia\",\"publisher\":{\"@id\":\"https:\/\/centromedico.pt\/#organization\"},\"potentialAction\":[{\"@type\":\"SearchAction\",\"target\":{\"@type\":\"EntryPoint\",\"urlTemplate\":\"https:\/\/centromedico.pt\/?s={search_term_string}\"},\"query-input\":{\"@type\":\"PropertyValueSpecification\",\"valueRequired\":true,\"valueName\":\"search_term_string\"}}],\"inLanguage\":\"pt-PT\"},{\"@type\":\"Organization\",\"@id\":\"https:\/\/centromedico.pt\/#organization\",\"name\":\"Centro M\u00e9dico Dent\u00e1rio de Gaia\",\"url\":\"https:\/\/centromedico.pt\/\",\"logo\":{\"@type\":\"ImageObject\",\"inLanguage\":\"pt-PT\",\"@id\":\"https:\/\/centromedico.pt\/#\/schema\/logo\/image\/\",\"url\":\"https:\/\/centromedico.pt\/wp-content\/uploads\/2023\/12\/logo-1-scaled.png\",\"contentUrl\":\"https:\/\/centromedico.pt\/wp-content\/uploads\/2023\/12\/logo-1-scaled.png\",\"width\":2560,\"height\":986,\"caption\":\"Centro M\u00e9dico Dent\u00e1rio de Gaia\"},\"image\":{\"@id\":\"https:\/\/centromedico.pt\/#\/schema\/logo\/image\/\"}}]}<\/script>\n<!-- \/ Yoast SEO plugin. -->","yoast_head_json":{"title":"Facetas - Centro M\u00e9dico Dent\u00e1rio de Gaia","robots":{"index":"index","follow":"follow","max-snippet":"max-snippet:-1","max-image-preview":"max-image-preview:large","max-video-preview":"max-video-preview:-1"},"canonical":"https:\/\/centromedico.pt\/index.php\/facetas\/","og_locale":"pt_PT","og_type":"article","og_title":"Facetas - Centro M\u00e9dico Dent\u00e1rio de Gaia","og_description":"Tratamentos Facetas O sorriso perfeito est\u00e1 ao seu alcance. As facetas dent\u00e1rias s\u00e3o l\u00e2minas finas de cer\u00e2mica ou resina aplicadas sobre a superf\u00edcie dos dentes anteriores para melhorar cor, forma e alinhamento.S\u00e3o ideais para quem deseja um sorriso harmonioso, branco e esteticamente perfeito sem recorrer a procedimentos invasivos. No Centro M\u00e9dico Dent\u00e1rio de Gaia, planeamos cada caso com simula\u00e7\u00e3o digital (Digital Smile Design), permitindo visualizar o resultado antes do in\u00edcio do tratamento. Indicadas para: Dentes manchados, desgastados ou desalinhados Pequenas fraturas ou desn\u00edveis Desejo de transforma\u00e7\u00e3o est\u00e9tica do sorriso Benef\u00edcios:\u2705 Resultado imediato e natural\u2705 Procedimento minimamente invasivo\u2705 Resist\u00eancia e durabilidade","og_url":"https:\/\/centromedico.pt\/index.php\/facetas\/","og_site_name":"Centro M\u00e9dico Dent\u00e1rio de Gaia","article_modified_time":"2025-10-22T10:16:31+00:00","og_image":[{"url":"https:\/\/centromedico.pt\/wp-content\/uploads\/2025\/10\/LOGOS-8.png","type":"","width":"","height":""}],"twitter_card":"summary_large_image","twitter_misc":{"Tempo estimado de leitura":"1 minuto"},"schema":{"@context":"https:\/\/schema.org","@graph":[{"@type":"WebPage","@id":"https:\/\/centromedico.pt\/index.php\/facetas\/","url":"https:\/\/centromedico.pt\/index.php\/facetas\/","name":"Facetas - Centro M\u00e9dico Dent\u00e1rio de Gaia","isPartOf":{"@id":"https:\/\/centromedico.pt\/#website"},"primaryImageOfPage":{"@id":"https:\/\/centromedico.pt\/index.php\/facetas\/#primaryimage"},"image":{"@id":"https:\/\/centromedico.pt\/index.php\/facetas\/#primaryimage"},"thumbnailUrl":"https:\/\/centromedico.pt\/wp-content\/uploads\/2025\/10\/LOGOS-8.png","datePublished":"2025-10-13T08:02:32+00:00","dateModified":"2025-10-22T10:16:31+00:00","breadcrumb":{"@id":"https:\/\/centromedico.pt\/index.php\/facetas\/#breadcrumb"},"inLanguage":"pt-PT","potentialAction":[{"@type":"ReadAction","target":["https:\/\/centromedico.pt\/index.php\/facetas\/"]}]},{"@type":"ImageObject","inLanguage":"pt-PT","@id":"https:\/\/centromedico.pt\/index.php\/facetas\/#primaryimage","url":"https:\/\/centromedico.pt\/wp-content\/uploads\/2025\/10\/LOGOS-8.png","contentUrl":"https:\/\/centromedico.pt\/wp-content\/uploads\/2025\/10\/LOGOS-8.png","width":512,"height":512},{"@type":"BreadcrumbList","@id":"https:\/\/centromedico.pt\/index.php\/facetas\/#breadcrumb","itemListElement":[{"@type":"ListItem","position":1,"name":"In\u00edcio","item":"https:\/\/centromedico.pt\/"},{"@type":"ListItem","position":2,"name":"Facetas"}]},{"@type":"WebSite","@id":"https:\/\/centromedico.pt\/#website","url":"https:\/\/centromedico.pt\/","name":"Centro M\u00e9dico Dent\u00e1rio de Gaia","description":"Dentista em V. N. de Gaia","publisher":{"@id":"https:\/\/centromedico.pt\/#organization"},"potentialAction":[{"@type":"SearchAction","target":{"@type":"EntryPoint","urlTemplate":"https:\/\/centromedico.pt\/?s={search_term_string}"},"query-input":{"@type":"PropertyValueSpecification","valueRequired":true,"valueName":"search_term_string"}}],"inLanguage":"pt-PT"},{"@type":"Organization","@id":"https:\/\/centromedico.pt\/#organization","name":"Centro M\u00e9dico Dent\u00e1rio de Gaia","url":"https:\/\/centromedico.pt\/","logo":{"@type":"ImageObject","inLanguage":"pt-PT","@id":"https:\/\/centromedico.pt\/#\/schema\/logo\/image\/","url":"https:\/\/centromedico.pt\/wp-content\/uploads\/2023\/12\/logo-1-scaled.png","contentUrl":"https:\/\/centromedico.pt\/wp-content\/uploads\/2023\/12\/logo-1-scaled.png","width":2560,"height":986,"caption":"Centro M\u00e9dico Dent\u00e1rio de Gaia"},"image":{"@id":"https:\/\/centromedico.pt\/#\/schema\/logo\/image\/"}}]}},"_links":{"self":[{"href":"https:\/\/centromedico.pt\/index.php\/wp-json\/wp\/v2\/pages\/1295","targetHints":{"allow":["GET"]}}],"collection":[{"href":"https:\/\/centromedico.pt\/index.php\/wp-json\/wp\/v2\/pages"}],"about":[{"href":"https:\/\/centromedico.pt\/index.php\/wp-json\/wp\/v2\/types\/page"}],"author":[{"embeddable":true,"href":"https:\/\/centromedico.pt\/index.php\/wp-json\/wp\/v2\/users\/1"}],"replies":[{"embeddable":true,"href":"https:\/\/centromedico.pt\/index.php\/wp-json\/wp\/v2\/comments?post=1295"}],"version-history":[{"count":13,"href":"https:\/\/centromedico.pt\/index.php\/wp-json\/wp\/v2\/pages\/1295\/revisions"}],"predecessor-version":[{"id":1438,"href":"https:\/\/centromedico.pt\/index.php\/wp-json\/wp\/v2\/pages\/1295\/revisions\/1438"}],"wp:attachment":[{"href":"https:\/\/centromedico.pt\/index.php\/wp-json\/wp\/v2\/media?parent=1295"}],"curies":[{"name":"wp","href":"https:\/\/api.w.org\/{rel}","templated":true}]}}