{"id":1275,"date":"2025-10-13T07:59:20","date_gmt":"2025-10-13T07:59:20","guid":{"rendered":"https:\/\/centromedico.innovstar.pt\/?page_id=1275"},"modified":"2025-10-13T08:18:16","modified_gmt":"2025-10-13T08:18:16","slug":"odontopediatria","status":"publish","type":"page","link":"https:\/\/centromedico.pt\/index.php\/odontopediatria\/","title":{"rendered":"Odontopediatria"},"content":{"rendered":"\t\t<div data-elementor-type=\"wp-page\" data-elementor-id=\"1275\" class=\"elementor elementor-1275\">\n\t\t\t\t\t\t<section class=\"elementor-section elementor-top-section elementor-element elementor-element-c29a3c5 elementor-section-boxed elementor-section-height-default elementor-section-height-default wpr-particle-no wpr-jarallax-no wpr-parallax-no wpr-sticky-section-no\" data-id=\"c29a3c5\" data-element_type=\"section\" data-settings=\"{&quot;background_background&quot;:&quot;classic&quot;}\">\n\t\t\t\t\t\t\t<div class=\"elementor-background-overlay\"><\/div>\n\t\t\t\t\t\t\t<div class=\"elementor-container elementor-column-gap-default\">\n\t\t\t\t\t<div class=\"elementor-column elementor-col-100 elementor-top-column elementor-element elementor-element-c7f4bb6\" data-id=\"c7f4bb6\" data-element_type=\"column\">\n\t\t\t<div class=\"elementor-widget-wrap elementor-element-populated\">\n\t\t\t\t\t\t<div class=\"elementor-element elementor-element-b1faa16 elementor-widget elementor-widget-heading\" data-id=\"b1faa16\" data-element_type=\"widget\" data-widget_type=\"heading.default\">\n\t\t\t\t\t<h2 class=\"elementor-heading-title elementor-size-default\">Tratamentos<\/h2>\t\t\t\t<\/div>\n\t\t\t\t\t<\/div>\n\t\t<\/div>\n\t\t\t\t\t<\/div>\n\t\t<\/section>\n\t\t<div class=\"elementor-element elementor-element-8068f6e e-flex e-con-boxed wpr-particle-no wpr-jarallax-no wpr-parallax-no wpr-sticky-section-no e-con e-parent\" data-id=\"8068f6e\" data-element_type=\"container\">\n\t\t\t\t\t<div class=\"e-con-inner\">\n\t\t\t\t<div class=\"elementor-element elementor-element-e9d258b elementor-widget elementor-widget-spacer\" data-id=\"e9d258b\" data-element_type=\"widget\" data-widget_type=\"spacer.default\">\n\t\t\t\t\t\t\t<div class=\"elementor-spacer\">\n\t\t\t<div class=\"elementor-spacer-inner\"><\/div>\n\t\t<\/div>\n\t\t\t\t\t\t<\/div>\n\t\t\t\t\t<\/div>\n\t\t\t\t<\/div>\n\t\t<div class=\"elementor-element elementor-element-38445ea e-flex e-con-boxed wpr-particle-no wpr-jarallax-no wpr-parallax-no wpr-sticky-section-no e-con e-parent\" data-id=\"38445ea\" data-element_type=\"container\">\n\t\t\t\t\t<div class=\"e-con-inner\">\n\t\t<div class=\"elementor-element elementor-element-f1e68e9 e-con-full e-flex wpr-particle-no wpr-jarallax-no wpr-parallax-no wpr-sticky-section-no e-con e-child\" data-id=\"f1e68e9\" data-element_type=\"container\">\n\t\t\t\t<div class=\"elementor-element elementor-element-44ccbad elementor-widget elementor-widget-heading\" data-id=\"44ccbad\" data-element_type=\"widget\" data-widget_type=\"heading.default\">\n\t\t\t\t\t<h2 class=\"elementor-heading-title elementor-size-default\">Odontopediatria<\/h2>\t\t\t\t<\/div>\n\t\t\t\t<div class=\"elementor-element elementor-element-34aa3f6 elementor-widget elementor-widget-text-editor\" data-id=\"34aa3f6\" data-element_type=\"widget\" data-widget_type=\"text-editor.default\">\n\t\t\t\t\t\t\t\t\t<p data-start=\"2011\" data-end=\"2051\"><strong data-start=\"2011\" data-end=\"2051\">Sorrisos saud\u00e1veis desde a inf\u00e2ncia.<\/strong><\/p><p data-start=\"2053\" data-end=\"2368\">A odontopediatria dedica-se aos <strong data-start=\"2085\" data-end=\"2120\">cuidados dent\u00e1rios das crian\u00e7as<\/strong>, desde os primeiros dentes de leite at\u00e9 \u00e0 adolesc\u00eancia.<br data-start=\"2176\" data-end=\"2179\" \/>No Centro M\u00e9dico Dent\u00e1rio de Gaia, proporcionamos uma <strong data-start=\"2233\" data-end=\"2280\">experi\u00eancia positiva, tranquila e divertida<\/strong>, ajudando os mais pequenos a criarem <strong data-start=\"2318\" data-end=\"2350\">bons h\u00e1bitos de higiene oral<\/strong> para toda a vida.<\/p><p data-start=\"2370\" data-end=\"2525\">A primeira consulta deve acontecer <strong data-start=\"2405\" data-end=\"2437\">at\u00e9 ao primeiro ano de idade<\/strong> ou com a erup\u00e7\u00e3o do primeiro dente \u2014 uma atitude simples que previne problemas futuros.<\/p><p data-start=\"2527\" data-end=\"2552\"><strong data-start=\"2527\" data-end=\"2550\">Tratamentos comuns:<\/strong><\/p><ul data-start=\"2553\" data-end=\"2687\"><li data-start=\"2553\" data-end=\"2589\"><p data-start=\"2555\" data-end=\"2589\">Selantes e fluoretos preventivos<\/p><\/li><li data-start=\"2590\" data-end=\"2623\"><p data-start=\"2592\" data-end=\"2623\">Tratamento de c\u00e1ries infantis<\/p><\/li><li data-start=\"2624\" data-end=\"2687\"><p data-start=\"2626\" data-end=\"2687\">Corre\u00e7\u00e3o de h\u00e1bitos orais (chucha, chupeta, suc\u00e7\u00e3o digital)<\/p><\/li><\/ul><p data-start=\"2689\" data-end=\"2833\"><strong data-start=\"2689\" data-end=\"2704\">Benef\u00edcios:<\/strong><br data-start=\"2704\" data-end=\"2707\" \/>\u2705 Consultas adaptadas \u00e0 crian\u00e7a<br data-start=\"2738\" data-end=\"2741\" \/>\u2705 Preven\u00e7\u00e3o precoce de c\u00e1ries e malforma\u00e7\u00f5es<br data-start=\"2785\" data-end=\"2788\" \/>\u2705 Experi\u00eancia positiva sem medo do dentista<\/p>\t\t\t\t\t\t\t\t<\/div>\n\t\t\t\t<\/div>\n\t\t<div class=\"elementor-element elementor-element-c318b52 e-con-full e-flex wpr-particle-no wpr-jarallax-no wpr-parallax-no wpr-sticky-section-no e-con e-child\" data-id=\"c318b52\" data-element_type=\"container\">\n\t\t\t\t<div class=\"elementor-element elementor-element-dc8a634 elementor-widget elementor-widget-image\" data-id=\"dc8a634\" data-element_type=\"widget\" data-widget_type=\"image.default\">\n\t\t\t\t\t\t\t\t\t\t\t\t\t\t\t<img fetchpriority=\"high\" decoding=\"async\" width=\"512\" height=\"512\" src=\"https:\/\/centromedico.pt\/wp-content\/uploads\/2025\/10\/LOGOS-2.png\" class=\"attachment-large size-large wp-image-1206\" alt=\"\" srcset=\"https:\/\/centromedico.pt\/wp-content\/uploads\/2025\/10\/LOGOS-2.png 512w, https:\/\/centromedico.pt\/wp-content\/uploads\/2025\/10\/LOGOS-2-300x300.png 300w, https:\/\/centromedico.pt\/wp-content\/uploads\/2025\/10\/LOGOS-2-150x150.png 150w\" sizes=\"(max-width: 512px) 100vw, 512px\" \/>\t\t\t\t\t\t\t\t\t\t\t\t\t\t\t<\/div>\n\t\t\t\t<\/div>\n\t\t\t\t\t<\/div>\n\t\t\t\t<\/div>\n\t\t<div class=\"elementor-element elementor-element-7089041 e-flex e-con-boxed wpr-particle-no wpr-jarallax-no wpr-parallax-no wpr-sticky-section-no e-con e-parent\" data-id=\"7089041\" data-element_type=\"container\">\n\t\t\t\t\t<div class=\"e-con-inner\">\n\t\t\t\t<div class=\"elementor-element elementor-element-b649506 elementor-widget elementor-widget-spacer\" data-id=\"b649506\" data-element_type=\"widget\" data-widget_type=\"spacer.default\">\n\t\t\t\t\t\t\t<div class=\"elementor-spacer\">\n\t\t\t<div class=\"elementor-spacer-inner\"><\/div>\n\t\t<\/div>\n\t\t\t\t\t\t<\/div>\n\t\t\t\t\t<\/div>\n\t\t\t\t<\/div>\n\t\t\t\t<\/div>\n\t\t","protected":false},"excerpt":{"rendered":"<p>Tratamentos Odontopediatria Sorrisos saud\u00e1veis desde a inf\u00e2ncia. A odontopediatria dedica-se aos cuidados dent\u00e1rios das crian\u00e7as, desde os primeiros dentes de leite at\u00e9 \u00e0 adolesc\u00eancia.No Centro M\u00e9dico Dent\u00e1rio de Gaia, proporcionamos uma experi\u00eancia positiva, tranquila e divertida, ajudando os mais pequenos a criarem bons h\u00e1bitos de higiene oral para toda a vida. A primeira consulta deve acontecer at\u00e9 ao primeiro ano de idade ou com a erup\u00e7\u00e3o do primeiro dente \u2014 uma atitude simples que previne problemas futuros. Tratamentos comuns: Selantes e fluoretos preventivos Tratamento de c\u00e1ries infantis Corre\u00e7\u00e3o de h\u00e1bitos orais (chucha, chupeta, suc\u00e7\u00e3o digital) Benef\u00edcios:\u2705 Consultas adaptadas \u00e0 crian\u00e7a\u2705 Preven\u00e7\u00e3o precoce de c\u00e1ries e malforma\u00e7\u00f5es\u2705 Experi\u00eancia positiva sem medo do dentista<\/p>\n","protected":false},"author":1,"featured_media":0,"parent":0,"menu_order":0,"comment_status":"closed","ping_status":"closed","template":"elementor_canvas","meta":{"om_disable_all_campaigns":false,"_monsterinsights_skip_tracking":false,"_monsterinsights_sitenote_active":false,"_monsterinsights_sitenote_note":"","_monsterinsights_sitenote_category":0,"footnotes":""},"class_list":["post-1275","page","type-page","status-publish","hentry"],"aioseo_notices":[],"yoast_head":"<!-- This site is optimized with the Yoast SEO plugin v26.2 - https:\/\/yoast.com\/wordpress\/plugins\/seo\/ -->\n<title>Odontopediatria - Centro M\u00e9dico Dent\u00e1rio de Gaia<\/title>\n<meta name=\"robots\" content=\"index, follow, max-snippet:-1, max-image-preview:large, max-video-preview:-1\" \/>\n<link rel=\"canonical\" href=\"https:\/\/centromedico.pt\/index.php\/odontopediatria\/\" \/>\n<meta property=\"og:locale\" content=\"pt_PT\" \/>\n<meta property=\"og:type\" content=\"article\" \/>\n<meta property=\"og:title\" content=\"Odontopediatria - Centro M\u00e9dico Dent\u00e1rio de Gaia\" \/>\n<meta property=\"og:description\" content=\"Tratamentos Odontopediatria Sorrisos saud\u00e1veis desde a inf\u00e2ncia. A odontopediatria dedica-se aos cuidados dent\u00e1rios das crian\u00e7as, desde os primeiros dentes de leite at\u00e9 \u00e0 adolesc\u00eancia.No Centro M\u00e9dico Dent\u00e1rio de Gaia, proporcionamos uma experi\u00eancia positiva, tranquila e divertida, ajudando os mais pequenos a criarem bons h\u00e1bitos de higiene oral para toda a vida. A primeira consulta deve acontecer at\u00e9 ao primeiro ano de idade ou com a erup\u00e7\u00e3o do primeiro dente \u2014 uma atitude simples que previne problemas futuros. Tratamentos comuns: Selantes e fluoretos preventivos Tratamento de c\u00e1ries infantis Corre\u00e7\u00e3o de h\u00e1bitos orais (chucha, chupeta, suc\u00e7\u00e3o digital) Benef\u00edcios:\u2705 Consultas adaptadas \u00e0 crian\u00e7a\u2705 Preven\u00e7\u00e3o precoce de c\u00e1ries e malforma\u00e7\u00f5es\u2705 Experi\u00eancia positiva sem medo do dentista\" \/>\n<meta property=\"og:url\" content=\"https:\/\/centromedico.pt\/index.php\/odontopediatria\/\" \/>\n<meta property=\"og:site_name\" content=\"Centro M\u00e9dico Dent\u00e1rio de Gaia\" \/>\n<meta property=\"article:modified_time\" content=\"2025-10-13T08:18:16+00:00\" \/>\n<meta property=\"og:image\" content=\"https:\/\/centromedico.pt\/wp-content\/uploads\/2025\/10\/LOGOS-2.png\" \/>\n<meta name=\"twitter:card\" content=\"summary_large_image\" \/>\n<meta name=\"twitter:label1\" content=\"Tempo estimado de leitura\" \/>\n\t<meta name=\"twitter:data1\" content=\"1 minuto\" \/>\n<script type=\"application\/ld+json\" class=\"yoast-schema-graph\">{\"@context\":\"https:\/\/schema.org\",\"@graph\":[{\"@type\":\"WebPage\",\"@id\":\"https:\/\/centromedico.pt\/index.php\/odontopediatria\/\",\"url\":\"https:\/\/centromedico.pt\/index.php\/odontopediatria\/\",\"name\":\"Odontopediatria - Centro M\u00e9dico Dent\u00e1rio de Gaia\",\"isPartOf\":{\"@id\":\"https:\/\/centromedico.pt\/#website\"},\"primaryImageOfPage\":{\"@id\":\"https:\/\/centromedico.pt\/index.php\/odontopediatria\/#primaryimage\"},\"image\":{\"@id\":\"https:\/\/centromedico.pt\/index.php\/odontopediatria\/#primaryimage\"},\"thumbnailUrl\":\"https:\/\/centromedico.pt\/wp-content\/uploads\/2025\/10\/LOGOS-2.png\",\"datePublished\":\"2025-10-13T07:59:20+00:00\",\"dateModified\":\"2025-10-13T08:18:16+00:00\",\"breadcrumb\":{\"@id\":\"https:\/\/centromedico.pt\/index.php\/odontopediatria\/#breadcrumb\"},\"inLanguage\":\"pt-PT\",\"potentialAction\":[{\"@type\":\"ReadAction\",\"target\":[\"https:\/\/centromedico.pt\/index.php\/odontopediatria\/\"]}]},{\"@type\":\"ImageObject\",\"inLanguage\":\"pt-PT\",\"@id\":\"https:\/\/centromedico.pt\/index.php\/odontopediatria\/#primaryimage\",\"url\":\"https:\/\/centromedico.pt\/wp-content\/uploads\/2025\/10\/LOGOS-2.png\",\"contentUrl\":\"https:\/\/centromedico.pt\/wp-content\/uploads\/2025\/10\/LOGOS-2.png\",\"width\":512,\"height\":512},{\"@type\":\"BreadcrumbList\",\"@id\":\"https:\/\/centromedico.pt\/index.php\/odontopediatria\/#breadcrumb\",\"itemListElement\":[{\"@type\":\"ListItem\",\"position\":1,\"name\":\"In\u00edcio\",\"item\":\"https:\/\/centromedico.pt\/\"},{\"@type\":\"ListItem\",\"position\":2,\"name\":\"Odontopediatria\"}]},{\"@type\":\"WebSite\",\"@id\":\"https:\/\/centromedico.pt\/#website\",\"url\":\"https:\/\/centromedico.pt\/\",\"name\":\"Centro M\u00e9dico Dent\u00e1rio de Gaia\",\"description\":\"Dentista em V. N. de Gaia\",\"publisher\":{\"@id\":\"https:\/\/centromedico.pt\/#organization\"},\"potentialAction\":[{\"@type\":\"SearchAction\",\"target\":{\"@type\":\"EntryPoint\",\"urlTemplate\":\"https:\/\/centromedico.pt\/?s={search_term_string}\"},\"query-input\":{\"@type\":\"PropertyValueSpecification\",\"valueRequired\":true,\"valueName\":\"search_term_string\"}}],\"inLanguage\":\"pt-PT\"},{\"@type\":\"Organization\",\"@id\":\"https:\/\/centromedico.pt\/#organization\",\"name\":\"Centro M\u00e9dico Dent\u00e1rio de Gaia\",\"url\":\"https:\/\/centromedico.pt\/\",\"logo\":{\"@type\":\"ImageObject\",\"inLanguage\":\"pt-PT\",\"@id\":\"https:\/\/centromedico.pt\/#\/schema\/logo\/image\/\",\"url\":\"https:\/\/centromedico.pt\/wp-content\/uploads\/2023\/12\/logo-1-scaled.png\",\"contentUrl\":\"https:\/\/centromedico.pt\/wp-content\/uploads\/2023\/12\/logo-1-scaled.png\",\"width\":2560,\"height\":986,\"caption\":\"Centro M\u00e9dico Dent\u00e1rio de Gaia\"},\"image\":{\"@id\":\"https:\/\/centromedico.pt\/#\/schema\/logo\/image\/\"}}]}<\/script>\n<!-- \/ Yoast SEO plugin. -->","yoast_head_json":{"title":"Odontopediatria - Centro M\u00e9dico Dent\u00e1rio de Gaia","robots":{"index":"index","follow":"follow","max-snippet":"max-snippet:-1","max-image-preview":"max-image-preview:large","max-video-preview":"max-video-preview:-1"},"canonical":"https:\/\/centromedico.pt\/index.php\/odontopediatria\/","og_locale":"pt_PT","og_type":"article","og_title":"Odontopediatria - Centro M\u00e9dico Dent\u00e1rio de Gaia","og_description":"Tratamentos Odontopediatria Sorrisos saud\u00e1veis desde a inf\u00e2ncia. A odontopediatria dedica-se aos cuidados dent\u00e1rios das crian\u00e7as, desde os primeiros dentes de leite at\u00e9 \u00e0 adolesc\u00eancia.No Centro M\u00e9dico Dent\u00e1rio de Gaia, proporcionamos uma experi\u00eancia positiva, tranquila e divertida, ajudando os mais pequenos a criarem bons h\u00e1bitos de higiene oral para toda a vida. A primeira consulta deve acontecer at\u00e9 ao primeiro ano de idade ou com a erup\u00e7\u00e3o do primeiro dente \u2014 uma atitude simples que previne problemas futuros. Tratamentos comuns: Selantes e fluoretos preventivos Tratamento de c\u00e1ries infantis Corre\u00e7\u00e3o de h\u00e1bitos orais (chucha, chupeta, suc\u00e7\u00e3o digital) Benef\u00edcios:\u2705 Consultas adaptadas \u00e0 crian\u00e7a\u2705 Preven\u00e7\u00e3o precoce de c\u00e1ries e malforma\u00e7\u00f5es\u2705 Experi\u00eancia positiva sem medo do dentista","og_url":"https:\/\/centromedico.pt\/index.php\/odontopediatria\/","og_site_name":"Centro M\u00e9dico Dent\u00e1rio de Gaia","article_modified_time":"2025-10-13T08:18:16+00:00","og_image":[{"url":"https:\/\/centromedico.pt\/wp-content\/uploads\/2025\/10\/LOGOS-2.png","type":"","width":"","height":""}],"twitter_card":"summary_large_image","twitter_misc":{"Tempo estimado de leitura":"1 minuto"},"schema":{"@context":"https:\/\/schema.org","@graph":[{"@type":"WebPage","@id":"https:\/\/centromedico.pt\/index.php\/odontopediatria\/","url":"https:\/\/centromedico.pt\/index.php\/odontopediatria\/","name":"Odontopediatria - Centro M\u00e9dico Dent\u00e1rio de Gaia","isPartOf":{"@id":"https:\/\/centromedico.pt\/#website"},"primaryImageOfPage":{"@id":"https:\/\/centromedico.pt\/index.php\/odontopediatria\/#primaryimage"},"image":{"@id":"https:\/\/centromedico.pt\/index.php\/odontopediatria\/#primaryimage"},"thumbnailUrl":"https:\/\/centromedico.pt\/wp-content\/uploads\/2025\/10\/LOGOS-2.png","datePublished":"2025-10-13T07:59:20+00:00","dateModified":"2025-10-13T08:18:16+00:00","breadcrumb":{"@id":"https:\/\/centromedico.pt\/index.php\/odontopediatria\/#breadcrumb"},"inLanguage":"pt-PT","potentialAction":[{"@type":"ReadAction","target":["https:\/\/centromedico.pt\/index.php\/odontopediatria\/"]}]},{"@type":"ImageObject","inLanguage":"pt-PT","@id":"https:\/\/centromedico.pt\/index.php\/odontopediatria\/#primaryimage","url":"https:\/\/centromedico.pt\/wp-content\/uploads\/2025\/10\/LOGOS-2.png","contentUrl":"https:\/\/centromedico.pt\/wp-content\/uploads\/2025\/10\/LOGOS-2.png","width":512,"height":512},{"@type":"BreadcrumbList","@id":"https:\/\/centromedico.pt\/index.php\/odontopediatria\/#breadcrumb","itemListElement":[{"@type":"ListItem","position":1,"name":"In\u00edcio","item":"https:\/\/centromedico.pt\/"},{"@type":"ListItem","position":2,"name":"Odontopediatria"}]},{"@type":"WebSite","@id":"https:\/\/centromedico.pt\/#website","url":"https:\/\/centromedico.pt\/","name":"Centro M\u00e9dico Dent\u00e1rio de Gaia","description":"Dentista em V. N. de Gaia","publisher":{"@id":"https:\/\/centromedico.pt\/#organization"},"potentialAction":[{"@type":"SearchAction","target":{"@type":"EntryPoint","urlTemplate":"https:\/\/centromedico.pt\/?s={search_term_string}"},"query-input":{"@type":"PropertyValueSpecification","valueRequired":true,"valueName":"search_term_string"}}],"inLanguage":"pt-PT"},{"@type":"Organization","@id":"https:\/\/centromedico.pt\/#organization","name":"Centro M\u00e9dico Dent\u00e1rio de Gaia","url":"https:\/\/centromedico.pt\/","logo":{"@type":"ImageObject","inLanguage":"pt-PT","@id":"https:\/\/centromedico.pt\/#\/schema\/logo\/image\/","url":"https:\/\/centromedico.pt\/wp-content\/uploads\/2023\/12\/logo-1-scaled.png","contentUrl":"https:\/\/centromedico.pt\/wp-content\/uploads\/2023\/12\/logo-1-scaled.png","width":2560,"height":986,"caption":"Centro M\u00e9dico Dent\u00e1rio de Gaia"},"image":{"@id":"https:\/\/centromedico.pt\/#\/schema\/logo\/image\/"}}]}},"_links":{"self":[{"href":"https:\/\/centromedico.pt\/index.php\/wp-json\/wp\/v2\/pages\/1275","targetHints":{"allow":["GET"]}}],"collection":[{"href":"https:\/\/centromedico.pt\/index.php\/wp-json\/wp\/v2\/pages"}],"about":[{"href":"https:\/\/centromedico.pt\/index.php\/wp-json\/wp\/v2\/types\/page"}],"author":[{"embeddable":true,"href":"https:\/\/centromedico.pt\/index.php\/wp-json\/wp\/v2\/users\/1"}],"replies":[{"embeddable":true,"href":"https:\/\/centromedico.pt\/index.php\/wp-json\/wp\/v2\/comments?post=1275"}],"version-history":[{"count":9,"href":"https:\/\/centromedico.pt\/index.php\/wp-json\/wp\/v2\/pages\/1275\/revisions"}],"predecessor-version":[{"id":1355,"href":"https:\/\/centromedico.pt\/index.php\/wp-json\/wp\/v2\/pages\/1275\/revisions\/1355"}],"wp:attachment":[{"href":"https:\/\/centromedico.pt\/index.php\/wp-json\/wp\/v2\/media?parent=1275"}],"curies":[{"name":"wp","href":"https:\/\/api.w.org\/{rel}","templated":true}]}}